he prime factors of 382121976.
2, 3, 15921749
List the prime factors of 32884349.
47, 457, 1531
What are the prime factors of 3593410857?
3, 4929233
What are the prime factors of 818729183?
23, 113, 199, 1583
List the prime factors of 774069745.
5, 154813949
List the prime factors of 161576249.
307, 526307
List the prime factors of 822911630.
2, 5, 577, 142619
List the prime factors of 101177918.
2, 50588959
What are the prime factors of 352254006?
2, 3, 13, 53, 28403
What are the prime factors of 2703819377?
7, 19, 89, 228421
List the prime factors of 35034914.
2, 17517457
What are the prime factors of 707952416?
2, 239, 92567
List the prime factors of 11574442.
2, 11, 73, 7207
What are the prime factors of 23276259?
3, 89, 29059
List the prime factors of 1034464221.
3, 7, 2039, 8053
List the prime factors of 136707725.
5, 7, 11, 47, 1511
What are the prime factors of 6069688?
2, 758711
What are the prime factors of 5314350773?
17, 18388757
List the prime factors of 427806339.
3, 142602113
What are the prime factors of 964670536?
2, 120583817
List the prime factors of 2618963255.
5, 523792651
List the prime factors of 137834208.
2, 3, 19, 25189
List the prime factors of 1964569395.
3, 5, 293, 447001
List the prime factors of 1697608623.
3, 661, 856081
List the prime factors of 190668157.
71, 2685467
List the prime factors of 886416229.
886416229
List the prime factors of 689353579.
353, 397, 4919
List the prime factors of 4062903491.
17, 97, 257, 9587
What are the prime factors of 1434906041?
1434906041
List the prime factors of 64321890.
2, 3, 5, 2144063
List the prime factors of 402312186.
2, 3, 29, 157, 4909
What are the prime factors of 30491329?
11, 277, 10007
What are the prime factors of 191152146?
2, 3, 31858691
What are the prime factors of 1276651686?
2, 3, 17, 19, 41, 16067
List the prime factors of 3852372964.
2, 11, 87553931
What are the prime factors of 2929162237?
17, 79, 263, 8293
List the prime factors of 398802530.
2, 5, 7, 5697179
List the prime factors of 999209975.
5, 37, 41, 26347
List the prime factors of 1513554195.
3, 5, 8737, 11549
List the prime factors of 451539996.
2, 3, 347, 108439
What are the prime factors of 243680601?
3, 17, 4778051
What are the prime factors of 6875327769?
3, 2291775923
List the prime factors of 46121514.
2, 3, 7686919
List the prime factors of 167674303.
167674303
List the prime factors of 2157548405.
5, 67, 6440443
What are the prime factors of 1808142?
2, 3, 7, 43051
What are the prime factors of 1314585370?
2, 5, 7, 29, 647579
What are the prime factors of 1931393761?
11, 175581251
What are the prime factors of 780669100?
2, 5, 277, 28183
List the prime factors of 191909223.
3, 11, 646159
List the prime factors of 346295073.
3, 7243, 15937
List the prime factors of 176252926.
2, 88126463
List the prime factors of 114724946.
2, 7, 43, 190573
List the prime factors of 126181867.
7, 2089, 8629
List the prime factors of 51162428.
2, 149, 85843
What are the prime factors of 335298547?
269, 967, 1289
List the prime factors of 70854420.
2, 3, 5, 7, 13, 19, 683
List the prime factors of 897062320.
2, 5, 7, 11, 107, 1361
What are the prime factors of 49198850?
2, 5, 17, 57881
List the prime factors of 618045034.
2, 19, 16264343
List the prime factors of 390721029.
3, 130240343
List the prime factors of 120517800.
2, 3, 5, 13, 15451
List the prime factors of 1099138966.
2, 59, 151, 61687
What are the prime factors of 76719515?
5, 367, 41809
What are the prime factors of 70724802?
2, 3, 19, 620393
What are the prime factors of 1690951519?
1690951519
What are the prime factors of 201027590?
2, 5, 23, 409, 2137
What are the prime factors of 22974993?
3, 2552777
What are the prime factors of 10400138?
2, 7, 199, 3733
What are the prime factors of 1905526954?
2, 23, 29, 1428431
What are the prime factors of 499671186?
2, 3, 7, 11896933
List the prime factors of 240205648.
2, 17, 883109
List the prime factors of 933189176.
2, 116648647
List the prime factors of 445487595.
3, 5, 7, 397, 10687
What are the prime factors of 448627940?
2, 5, 359, 62483
List the prime factors of 277075643.
13, 863, 24697
What are the prime factors of 527445771?
3, 41, 53, 80909
What are the prime factors of 526572481?
1759, 299359
What are the prime factors of 183092317?
37, 4948441
What are the prime factors of 2310662650?
2, 5, 46213253
What are the prime factors of 32887303?
43, 73, 10477
List the prime factors of 18721806.
2, 3, 383, 8147
What are the prime factors of 54871396?
2, 103, 133183
What are the prime factors of 3387770562?
2, 3, 11, 51329857
What are the prime factors of 965988920?
2, 5, 13, 1857671
List the prime factors of 5928348.
2, 3, 494029
What are the prime factors of 3689762348?
2, 17, 54261211
What are the prime factors of 499434?
2, 3, 13, 19, 337
What are the prime factors of 259053410?
2, 5, 7, 11, 19, 17707
List the prime factors of 358183348.
2, 89, 1006133
What are the prime factors of 11982459?
3, 223, 17911
List the prime factors of 6766768616.
2, 43, 19670839
List the prime factors of 1021504317.
3, 340501439
What are the prime factors of 58256017?
58256017
What are the prime factors of 4008300287?
19, 59, 3575647
List the prime factors of 2958203328.
2, 3, 19, 23, 35257
What are the prime factors of 96628656?
2, 3, 239, 8423
What are the prime factors of 165569163?
3, 59, 719, 1301
What are the prime factors of 37590792?
2, 3, 1566283
List the prime factors of 1084074518.
2, 131, 373, 11093
What are the prime factors of 125042577?
3, 11, 29, 193, 677
List the prime factors of 205307733.
3, 29, 461, 5119
What are the prime factors of 41268282?
2, 3, 11, 17, 36781
List the prime factors of 29078547.
3, 71, 136519
What are the prime factors of 29957070?
2, 3, 5, 11, 13, 6983
List the prime factors of 68366819.
311, 219829
List the prime factors of 91830743.
19, 23, 210139
What are the prime factors of 1214862441?
3, 13, 31, 101, 9949
List the prime factors of 638196404.
2, 9929, 16069
What are the prime factors of 1261695597?
3, 37, 127, 89501
List the prime factors of 2272847997.
3, 7, 17, 41, 3169
List the prime factors of 276980909.
733, 377873
List the prime factors of 34140638.
2, 7, 2438617
List the prime factors of 15392060.
2, 5, 23, 33461
List the prime factors of 14385920.
2, 5, 11239
What are the prime factors of 137281920?
2, 3, 5, 127, 563
What are the prime factors of 252118418?
2, 5923, 21283
List the prime factors of 75241049.
13, 5787773
What are the prime factors of 1611610550?
2, 5, 11, 2930201
List the prime factors of 325645924.
2, 81411481
List the prime factors of 1103257031.
23, 47967697
What are the prime factors of 1327389762?
2, 3, 1231, 179717
What are the prime factors of 531694554?
2, 3, 6791, 13049
List the prime factors of 25030051.
31, 761, 1061
List the prime factors of 75931150.
2, 5, 1518623
List the prime factors of 176956826.
2, 197, 449129
What are the prime factors of 9585330?
2, 3, 5, 319511
What are the prime factors of 332148523?
7, 163, 291103
List the prime factors of 2807120.
2, 5, 35089
List the prime factors of 744004949.
17, 43764997
What are the prime factors of 11619882?
2, 3, 215183
List the prime factors of 186255343.
739, 252037
List the prime factors of 610468762.
2, 41, 263, 28307
What are the prime factors of 1087340408?
2, 7, 11, 1765163
List the prime factors of 1032410550.
2, 3, 5, 1439, 4783
List the prime factors of 69817235.
5, 13963447
What are the prime factors of 2060477323?
251, 269, 30517
What are the prime factors of 610772882?
2, 305386441
What are the prime factors of 12511718?
2, 6255859
What are the prime factors of 3737896294?
2, 11, 2399, 70823
List the prime factors of 116712732.
2, 3, 41, 151, 1571
What are the prime factors of 5715971420?
2, 5, 1429, 199999
List the prime factors of 88118670.
2, 3, 5, 1103, 2663
List the prime factors of 99721963.
11, 41, 5393
What are the prime factors of 1623013?
7, 231859
What are the prime factors of 105281868?
2, 3, 223, 39343
What are the prime factors of 56218953?
3, 7, 2677093
What are the prime factors of 12912292?
2, 23, 140351
List the prime factors of 132905627.
19, 127, 55079
What are the prime factors of 41810093?
13, 73, 3389
List the prime factors of 19746394.
2,